{"id":1319,"date":"2018-03-05T12:25:16","date_gmt":"2018-03-05T11:25:16","guid":{"rendered":"http:\/\/kordevries.net\/wordpress\/wp-content\/uploads\/2018\/03\/De_eerste_steen_klein.jpg"},"modified":"2022-11-21T14:55:00","modified_gmt":"2022-11-21T13:55:00","slug":"de_eerste_steen_klein","status":"inherit","type":"attachment","link":"https:\/\/kordevries.net\/?attachment_id=1319","title":{"rendered":"De eerste steen"},"author":1,"comment_status":"closed","ping_status":"closed","template":"","meta":[],"description":{"rendered":"<p class=\"attachment\"><a href='https:\/\/kordevries.net\/wordpress\/wp-content\/uploads\/2018\/03\/De_eerste_steen_klein.jpg'><img loading=\"lazy\" decoding=\"async\" width=\"79\" height=\"120\" src=\"https:\/\/kordevries.net\/wordpress\/wp-content\/uploads\/2018\/03\/De_eerste_steen_klein-79x120.jpg\" class=\"attachment-medium size-medium\" alt=\"\" srcset=\"https:\/\/kordevries.net\/wordpress\/wp-content\/uploads\/2018\/03\/De_eerste_steen_klein-79x120.jpg 79w, https:\/\/kordevries.net\/wordpress\/wp-content\/uploads\/2018\/03\/De_eerste_steen_klein.jpg 163w\" sizes=\"(max-width: 79px) 100vw, 79px\" \/><\/a><\/p>\n<p>De eerste steen<br \/>\n(oorspronkelijke titel: Den f\u00f8rste sten, Gyldendal, Kopenhagen, 2015)<\/p>\n<p>Een groep Deense soldaten komt aan in een militair kamp in Afghanistan. Vierentwintig mannen en \u00e9\u00e9n vrouw, onder leiding van de charismatische commandant Rasmus Schr\u00f8der. Ze zijn zeer gemotiveerd, uitstekend opgeleid en klaar voor het avontuur. Maar de dagen kruipen monotoon voorbij, tot een landmijn twee soldaten doodt en een steeds ongenadiger spiraal van geweld in gang wordt gezet. Wanneer Schr\u00f8der de groep verraadt, verliezen de soldaten elke vorm van controle. De eerste steen is niet alleen een buitengewoon spannende pageturner, maar ook een grootse antioorlogsroman van een uitgesproken tegenstander van westerse militaire bemoeienis in Afghanistan.<\/p>\n<p>Een mooie recensie over deze roman vind je op Hebban: <a href=\"https:\/\/www.hebban.nl\/recensies\/greet-braem-over-de-eerste-steen\">https:\/\/www.hebban.nl\/recensies\/greet-braem-over-de-eerste-steen<\/a><\/p>\n<p>uitgeverij: De Bezige Bij, Amsterdam<br \/>\njaar: 2018<br \/>\nISBN: 9789023473916<\/p>\n"},"caption":{"rendered":"<p>De eerste steen (oorspronkelijke titel: Den f\u00f8rste sten, Gyldendal, Kopenhagen, 2015) Een groep Deense soldaten komt aan in een militair kamp in Afghanistan. Vierentwintig mannen en \u00e9\u00e9n vrouw, onder leiding van de charismatische commandant Rasmus Schr\u00f8der. Ze zijn zeer gemotiveerd, uitstekend opgeleid en klaar voor het avontuur. Maar de dagen kruipen monotoon voorbij, tot een [&hellip;]<\/p>\n"},"alt_text":"","media_type":"image","mime_type":"image\/jpeg","media_details":{"width":163,"height":247,"file":"2018\/03\/De_eerste_steen_klein.jpg","sizes":{"thumbnail":{"file":"De_eerste_steen_klein-e1522319002755-156x240.jpg","width":156,"height":240,"mime_type":"image\/jpeg","source_url":"https:\/\/kordevries.net\/wordpress\/wp-content\/uploads\/2018\/03\/De_eerste_steen_klein-e1522319002755-156x240.jpg"},"medium":{"file":"De_eerste_steen_klein-79x120.jpg","width":79,"height":120,"mime_type":"image\/jpeg","source_url":"https:\/\/kordevries.net\/wordpress\/wp-content\/uploads\/2018\/03\/De_eerste_steen_klein-79x120.jpg"},"album-thumb":{"file":"De_eerste_steen_klein-120x80.jpg","width":120,"height":80,"mime_type":"image\/jpeg","source_url":"https:\/\/kordevries.net\/wordpress\/wp-content\/uploads\/2018\/03\/De_eerste_steen_klein-120x80.jpg"},"photo-thumb":{"file":"De_eerste_steen_klein-160x120.jpg","width":160,"height":120,"mime_type":"image\/jpeg","source_url":"https:\/\/kordevries.net\/wordpress\/wp-content\/uploads\/2018\/03\/De_eerste_steen_klein-160x120.jpg"},"full":{"file":"De_eerste_steen_klein.jpg","width":163,"height":247,"mime_type":"image\/jpeg","source_url":"https:\/\/kordevries.net\/wordpress\/wp-content\/uploads\/2018\/03\/De_eerste_steen_klein.jpg"}},"image_meta":{"aperture":"0","credit":"","camera":"","caption":"","created_timestamp":"0","copyright":"","focal_length":"0","iso":"0","shutter_speed":"0","title":"","orientation":"0","keywords":[]}},"post":null,"source_url":"https:\/\/kordevries.net\/wordpress\/wp-content\/uploads\/2018\/03\/De_eerste_steen_klein.jpg","_links":{"self":[{"href":"https:\/\/kordevries.net\/index.php?rest_route=\/wp\/v2\/media\/1319"}],"collection":[{"href":"https:\/\/kordevries.net\/index.php?rest_route=\/wp\/v2\/media"}],"about":[{"href":"https:\/\/kordevries.net\/index.php?rest_route=\/wp\/v2\/types\/attachment"}],"author":[{"embeddable":true,"href":"https:\/\/kordevries.net\/index.php?rest_route=\/wp\/v2\/users\/1"}]}}

<p class="attachment"><a href='https://kordevries.net/wordpress/wp-content/uploads/2018/03/De_eerste_steen_klein.jpg'><img loading="lazy" decoding="async" width="79" height="120" src="https://kordevries.net/wordpress/wp-content/uploads/2018/03/De_eerste_steen_klein-79x120.jpg" class="attachment-medium size-medium" alt="" srcset="https://kordevries.net/wordpress/wp-content/uploads/2018/03/De_eerste_steen_klein-79x120.jpg 79w, https://kordevries.net/wordpress/wp-content/uploads/2018/03/De_eerste_steen_klein.jpg 163w" sizes="(max-width: 79px) 100vw, 79px" /></a></p>
<p>De eerste steen<br />
(oorspronkelijke titel: Den første sten, Gyldendal, Kopenhagen, 2015)</p>
<p>Een groep Deense soldaten komt aan in een militair kamp in Afghanistan. Vierentwintig mannen en één vrouw, onder leiding van de charismatische commandant Rasmus Schrøder. Ze zijn zeer gemotiveerd, uitstekend opgeleid en klaar voor het avontuur. Maar de dagen kruipen monotoon voorbij, tot een landmijn twee soldaten doodt en een steeds ongenadiger spiraal van geweld in gang wordt gezet. Wanneer Schrøder de groep verraadt, verliezen de soldaten elke vorm van controle. De eerste steen is niet alleen een buitengewoon spannende pageturner, maar ook een grootse antioorlogsroman van een uitgesproken tegenstander van westerse militaire bemoeienis in Afghanistan.</p>
<p>Een mooie recensie over deze roman vind je op Hebban: <a href="https://www.hebban.nl/recensies/greet-braem-over-de-eerste-steen">https://www.hebban.nl/recensies/greet-braem-over-de-eerste-steen</a></p>
<p>uitgeverij: De Bezige Bij, Amsterdam<br />
jaar: 2018<br />
ISBN: 9789023473916</p>

<p>De eerste steen (oorspronkelijke titel: Den første sten, Gyldendal, Kopenhagen, 2015) Een groep Deense soldaten komt aan in een militair kamp in Afghanistan. Vierentwintig mannen en één vrouw, onder leiding van de charismatische commandant Rasmus Schrøder. Ze zijn zeer gemotiveerd, uitstekend opgeleid en klaar voor het avontuur. Maar de dagen kruipen monotoon voorbij, tot een [&hellip;]</p>
