{"id":2023,"date":"2024-03-05T11:18:20","date_gmt":"2024-03-05T10:18:20","guid":{"rendered":"http:\/\/kordevries.net\/wordpress\/wp-content\/uploads\/De-fazantenmoordenaars.jpeg"},"modified":"2024-03-05T11:22:54","modified_gmt":"2024-03-05T10:22:54","slug":"de-fazantenmoordenaars","status":"inherit","type":"attachment","link":"https:\/\/kordevries.net\/?attachment_id=2023","title":{"rendered":"De fazantenmoordenaars"},"author":1,"comment_status":"closed","ping_status":"closed","template":"","meta":[],"description":{"rendered":"<p class=\"attachment\"><a href='https:\/\/kordevries.net\/wordpress\/wp-content\/uploads\/De-fazantenmoordenaars.jpeg'><img loading=\"lazy\" decoding=\"async\" width=\"79\" height=\"123\" src=\"https:\/\/kordevries.net\/wordpress\/wp-content\/uploads\/De-fazantenmoordenaars-79x123.jpeg\" class=\"attachment-medium size-medium\" alt=\"\" srcset=\"https:\/\/kordevries.net\/wordpress\/wp-content\/uploads\/De-fazantenmoordenaars-79x123.jpeg 79w, https:\/\/kordevries.net\/wordpress\/wp-content\/uploads\/De-fazantenmoordenaars-150x234.jpeg 150w, https:\/\/kordevries.net\/wordpress\/wp-content\/uploads\/De-fazantenmoordenaars.jpeg 151w\" sizes=\"(max-width: 79px) 100vw, 79px\" \/><\/a><\/p>\n<p>De fazantenmoordenaars<br \/>\n(oorspronkelijke titel: Fasandr\u00e6berne, Politikens Forlag, K\u00f8benhavn, 2008)<\/p>\n<p>In 1987 worden de verminkte lichamen van een broer en zus gevonden in een zomerhuisje in de buurt van R\u00f8rvig, in Noord-Seeland. Uit het politieonderzoek blijkt dat de dader gezocht moet worden binnen een groep van kostschoolleerlingen die uit de rijkste kringen van het land afkomstig zijn. Er is echter niet genoeg bewijs en de zaak verdwijnt inde doofpot, totdat een van de verdachten zichzelf aangeeft. Daarmee lijkt het mysterie opgelost.<br \/>\nEen aantal jaren later belandt het onderzoek op het bureau van brigadier M\u00f8rck, hoofd van de afdeling &#8216;onopgeloste zaken&#8217; Q. Hijdenkt dat het er per ongeluk is terechtgekomen, maar al snel blijkt dit niet het geval te zijn. Hij realiseert zich dat er iets heel erg fout is gegaan&#8230; Samen met zijn assistent Assad begint hij een onderzoek dat hen in aanraking brengt met alle lagen van de maatschappij. Van de armste mensen die op straat leven tot de machtigste mensen van het land; de klopjacht is begonnen.<\/p>\n<p>uitgeverij: Prometheus, Amsterdam<br \/>\njaar: 2010<br \/>\nISBN: 9789044615982<\/p>\n"},"caption":{"rendered":"<p>De fazantenmoordenaars (oorspronkelijke titel: Fasandr\u00e6berne, Politikens Forlag, K\u00f8benhavn, 2008) In 1987 worden de verminkte lichamen van een broer en zus gevonden in een zomerhuisje in de buurt van R\u00f8rvig, in Noord-Seeland. Uit het politieonderzoek blijkt dat de dader gezocht moet worden binnen een groep van kostschoolleerlingen die uit de rijkste kringen van het land afkomstig [&hellip;]<\/p>\n"},"alt_text":"","media_type":"image","mime_type":"image\/jpeg","media_details":{"width":151,"height":236,"file":"De-fazantenmoordenaars.jpeg","filesize":48449,"sizes":{"medium":{"file":"De-fazantenmoordenaars-79x123.jpeg","width":79,"height":123,"filesize":3726,"mime_type":"image\/jpeg","source_url":"https:\/\/kordevries.net\/wordpress\/wp-content\/uploads\/De-fazantenmoordenaars-79x123.jpeg"},"thumbnail":{"file":"De-fazantenmoordenaars-150x234.jpeg","width":150,"height":234,"filesize":9307,"mime_type":"image\/jpeg","source_url":"https:\/\/kordevries.net\/wordpress\/wp-content\/uploads\/De-fazantenmoordenaars-150x234.jpeg"},"post-thumbnail":{"file":"De-fazantenmoordenaars-150x150.jpeg","width":150,"height":150,"filesize":6681,"mime_type":"image\/jpeg","source_url":"https:\/\/kordevries.net\/wordpress\/wp-content\/uploads\/De-fazantenmoordenaars-150x150.jpeg"},"album-thumb":{"file":"De-fazantenmoordenaars-120x80.jpeg","width":120,"height":80,"filesize":3665,"mime_type":"image\/jpeg","source_url":"https:\/\/kordevries.net\/wordpress\/wp-content\/uploads\/De-fazantenmoordenaars-120x80.jpeg"},"photo-thumb":{"file":"De-fazantenmoordenaars-151x120.jpeg","width":151,"height":120,"filesize":6699,"mime_type":"image\/jpeg","source_url":"https:\/\/kordevries.net\/wordpress\/wp-content\/uploads\/De-fazantenmoordenaars-151x120.jpeg"},"full":{"file":"De-fazantenmoordenaars.jpeg","width":151,"height":236,"mime_type":"image\/jpeg","source_url":"https:\/\/kordevries.net\/wordpress\/wp-content\/uploads\/De-fazantenmoordenaars.jpeg"}},"image_meta":{"aperture":"0","credit":"","camera":"","caption":"","created_timestamp":"0","copyright":"","focal_length":"0","iso":"0","shutter_speed":"0","title":"","orientation":"1","keywords":[]}},"post":null,"source_url":"https:\/\/kordevries.net\/wordpress\/wp-content\/uploads\/De-fazantenmoordenaars.jpeg","_links":{"self":[{"href":"https:\/\/kordevries.net\/index.php?rest_route=\/wp\/v2\/media\/2023"}],"collection":[{"href":"https:\/\/kordevries.net\/index.php?rest_route=\/wp\/v2\/media"}],"about":[{"href":"https:\/\/kordevries.net\/index.php?rest_route=\/wp\/v2\/types\/attachment"}],"author":[{"embeddable":true,"href":"https:\/\/kordevries.net\/index.php?rest_route=\/wp\/v2\/users\/1"}]}}

<p class="attachment"><a href='https://kordevries.net/wordpress/wp-content/uploads/De-fazantenmoordenaars.jpeg'><img loading="lazy" decoding="async" width="79" height="123" src="https://kordevries.net/wordpress/wp-content/uploads/De-fazantenmoordenaars-79x123.jpeg" class="attachment-medium size-medium" alt="" srcset="https://kordevries.net/wordpress/wp-content/uploads/De-fazantenmoordenaars-79x123.jpeg 79w, https://kordevries.net/wordpress/wp-content/uploads/De-fazantenmoordenaars-150x234.jpeg 150w, https://kordevries.net/wordpress/wp-content/uploads/De-fazantenmoordenaars.jpeg 151w" sizes="(max-width: 79px) 100vw, 79px" /></a></p>
<p>De fazantenmoordenaars<br />
(oorspronkelijke titel: Fasandræberne, Politikens Forlag, København, 2008)</p>
<p>In 1987 worden de verminkte lichamen van een broer en zus gevonden in een zomerhuisje in de buurt van Rørvig, in Noord-Seeland. Uit het politieonderzoek blijkt dat de dader gezocht moet worden binnen een groep van kostschoolleerlingen die uit de rijkste kringen van het land afkomstig zijn. Er is echter niet genoeg bewijs en de zaak verdwijnt inde doofpot, totdat een van de verdachten zichzelf aangeeft. Daarmee lijkt het mysterie opgelost.<br />
Een aantal jaren later belandt het onderzoek op het bureau van brigadier Mørck, hoofd van de afdeling &#8216;onopgeloste zaken&#8217; Q. Hijdenkt dat het er per ongeluk is terechtgekomen, maar al snel blijkt dit niet het geval te zijn. Hij realiseert zich dat er iets heel erg fout is gegaan&#8230; Samen met zijn assistent Assad begint hij een onderzoek dat hen in aanraking brengt met alle lagen van de maatschappij. Van de armste mensen die op straat leven tot de machtigste mensen van het land; de klopjacht is begonnen.</p>
<p>uitgeverij: Prometheus, Amsterdam<br />
jaar: 2010<br />
ISBN: 9789044615982</p>

<p>De fazantenmoordenaars (oorspronkelijke titel: Fasandræberne, Politikens Forlag, København, 2008) In 1987 worden de verminkte lichamen van een broer en zus gevonden in een zomerhuisje in de buurt van Rørvig, in Noord-Seeland. Uit het politieonderzoek blijkt dat de dader gezocht moet worden binnen een groep van kostschoolleerlingen die uit de rijkste kringen van het land afkomstig [&hellip;]</p>
